{"id":4229,"date":"2023-10-04T22:54:15","date_gmt":"2023-10-04T21:54:15","guid":{"rendered":"https:\/\/emhuisken.de\/wordpress\/?post_type=product&#038;p=4229"},"modified":"2024-11-24T17:15:01","modified_gmt":"2024-11-24T16:15:01","slug":"jahresabonnement-die-lahnung-mitteilungen-fuer-individuelle-entwicklung-und-lebenskunde","status":"publish","type":"product","link":"https:\/\/emhuisken.de\/wordpress\/produkt\/jahresabonnement-die-lahnung-mitteilungen-fuer-individuelle-entwicklung-und-lebenskunde\/","title":{"rendered":"Jahresabonnement DIE LAHNUNG \u2013 MItteilungen f\u00fcr individuelle Entwicklung und Lebenskunde"},"content":{"rendered":"<p>Die seit 2020 erscheinende Zeitschrift DIE LAHNUNG \u2013 Mitteilungen f\u00fcr individuelle Entwicklung und Lebenskunde kann ab sofort auch abonniert werden. Nach Bestellung erhalten Sie per E-Mail die Rechnung, und mit Zahlungseingang die entsprechende Abonnementsbest\u00e4tigung. Sofern Sie den regul\u00e4ren Abonnementsbeitrag nicht zahlen k\u00f6nnen, nehmen Sie bitte Verbindung mit mir auf (<a href=\"https:\/\/emhuisken.de\/wordpress\/kontakt\/\" target=\"_blank\" rel=\"noopener\">=&gt; Kontakt<\/a>). Weitere Informationen zur Zeitschrift finden Sie <a href=\"https:\/\/emhuisken.de\/wordpress\/geisteswissenschaft\/die-lahnung-mitteilungen-fuer-individuelle-entwicklung-und-lebenskunde\/\" target=\"_blank\" rel=\"noopener\">=&gt;hier<\/a>.<\/p>\n","protected":false},"excerpt":{"rendered":"<p>Die seit 2020 erscheinende Zeitschrift DIE LAHNUNG \u2013 Mitteilungen f\u00fcr individuelle Entwicklung und Lebenskunde kann ab sofort auch abonniert werden. Nach Bestellung erhalten Sie per E-Mail die Rechnung, und mit Zahlungseingang die entsprechende Abonnementsbest\u00e4tigung. Sofern Sie den regul\u00e4ren Abonnementsbeitrag nicht zahlen k\u00f6nnen, nehmen Sie bitte Verbindung mit mir auf (<a href=\"https:\/\/emhuisken.de\/wordpress\/kontakt\/\" target=\"_blank\" rel=\"noopener\">=&gt; Kontakt<\/a>). Weitere Informationen zur Zeitschrift finden Sie <a href=\"https:\/\/emhuisken.de\/wordpress\/geisteswissenschaft\/die-lahnung-mitteilungen-fuer-individuelle-entwicklung-und-lebenskunde\/\" target=\"_blank\" rel=\"noopener\">=&gt;hier<\/a>.<\/p>\n<p>Die Preisangabe ist incl. Versand.<\/p>\n","protected":false},"featured_media":4230,"comment_status":"open","ping_status":"closed","template":"","meta":[],"product_brand":[],"product_cat":[37],"product_tag":[517,446,516],"class_list":{"0":"post-4229","1":"product","2":"type-product","3":"status-publish","4":"has-post-thumbnail","6":"product_cat-druckerzeugnisse","7":"product_tag-abonnement","8":"product_tag-die-lahnung","9":"product_tag-zeitschrift","10":"product_shipping_class-leicht","12":"first","13":"outofstock","14":"shipping-taxable","15":"purchasable","16":"product-type-simple"},"yoast_head":"<!-- This site is optimized with the Yoast SEO plugin v27.3 - https:\/\/yoast.com\/product\/yoast-seo-wordpress\/ -->\n<title>Jahresabonnement DIE LAHNUNG \u2013 MItteilungen f\u00fcr individuelle Entwicklung und Lebenskunde<\/title>\n<meta name=\"description\" content=\"Jahres-Abonnement der Zeitschrift \u201eDIE LAHNUNG \u2013 Mitteilungen f\u00fcr individuelle Entwicklung und Lebenskunde\u201c\" \/>\n<meta name=\"robots\" content=\"index, follow, max-snippet:-1, max-image-preview:large, max-video-preview:-1\" \/>\n<link rel=\"canonical\" href=\"https:\/\/emhuisken.de\/wordpress\/produkt\/jahresabonnement-die-lahnung-mitteilungen-fuer-individuelle-entwicklung-und-lebenskunde\/\" \/>\n<meta property=\"og:locale\" content=\"de_DE\" \/>\n<meta property=\"og:type\" content=\"article\" \/>\n<meta property=\"og:title\" content=\"Jahresabonnement DIE LAHNUNG \u2013 MItteilungen f\u00fcr individuelle Entwicklung und Lebenskunde\" \/>\n<meta property=\"og:description\" content=\"Jahres-Abonnement der Zeitschrift \u201eDIE LAHNUNG \u2013 Mitteilungen f\u00fcr individuelle Entwicklung und Lebenskunde\u201c\" \/>\n<meta property=\"og:url\" content=\"https:\/\/emhuisken.de\/wordpress\/produkt\/jahresabonnement-die-lahnung-mitteilungen-fuer-individuelle-entwicklung-und-lebenskunde\/\" \/>\n<meta property=\"og:site_name\" content=\"Musik \u2013 Wort \u2013 Geisteswissenschaft\" \/>\n<meta property=\"article:modified_time\" content=\"2024-11-24T16:15:01+00:00\" \/>\n<meta property=\"og:image\" content=\"https:\/\/emhuisken.de\/wordpress\/wp-content\/uploads\/2023\/10\/Lahnung_20-02_n_IV.jpg\" \/>\n\t<meta property=\"og:image:width\" content=\"606\" \/>\n\t<meta property=\"og:image:height\" content=\"850\" \/>\n\t<meta property=\"og:image:type\" content=\"image\/jpeg\" \/>\n<meta name=\"twitter:card\" content=\"summary_large_image\" \/>\n<meta name=\"twitter:label1\" content=\"Gesch\u00e4tzte Lesezeit\" \/>\n\t<meta name=\"twitter:data1\" content=\"1\u00a0Minute\" \/>\n<script type=\"application\/ld+json\" class=\"yoast-schema-graph\">{\"@context\":\"https:\\\/\\\/schema.org\",\"@graph\":[{\"@type\":\"WebPage\",\"@id\":\"https:\\\/\\\/emhuisken.de\\\/wordpress\\\/produkt\\\/jahresabonnement-die-lahnung-mitteilungen-fuer-individuelle-entwicklung-und-lebenskunde\\\/\",\"url\":\"https:\\\/\\\/emhuisken.de\\\/wordpress\\\/produkt\\\/jahresabonnement-die-lahnung-mitteilungen-fuer-individuelle-entwicklung-und-lebenskunde\\\/\",\"name\":\"Jahresabonnement DIE LAHNUNG \u2013 MItteilungen f\u00fcr individuelle Entwicklung und Lebenskunde\",\"isPartOf\":{\"@id\":\"https:\\\/\\\/emhuisken.de\\\/wordpress\\\/#website\"},\"primaryImageOfPage\":{\"@id\":\"https:\\\/\\\/emhuisken.de\\\/wordpress\\\/produkt\\\/jahresabonnement-die-lahnung-mitteilungen-fuer-individuelle-entwicklung-und-lebenskunde\\\/#primaryimage\"},\"image\":{\"@id\":\"https:\\\/\\\/emhuisken.de\\\/wordpress\\\/produkt\\\/jahresabonnement-die-lahnung-mitteilungen-fuer-individuelle-entwicklung-und-lebenskunde\\\/#primaryimage\"},\"thumbnailUrl\":\"https:\\\/\\\/emhuisken.de\\\/wordpress\\\/wp-content\\\/uploads\\\/2023\\\/10\\\/Lahnung_20-02_n_IV.jpg\",\"datePublished\":\"2023-10-04T21:54:15+00:00\",\"dateModified\":\"2024-11-24T16:15:01+00:00\",\"description\":\"Jahres-Abonnement der Zeitschrift \u201eDIE LAHNUNG \u2013 Mitteilungen f\u00fcr individuelle Entwicklung und Lebenskunde\u201c\",\"breadcrumb\":{\"@id\":\"https:\\\/\\\/emhuisken.de\\\/wordpress\\\/produkt\\\/jahresabonnement-die-lahnung-mitteilungen-fuer-individuelle-entwicklung-und-lebenskunde\\\/#breadcrumb\"},\"inLanguage\":\"de\",\"potentialAction\":[{\"@type\":\"ReadAction\",\"target\":[\"https:\\\/\\\/emhuisken.de\\\/wordpress\\\/produkt\\\/jahresabonnement-die-lahnung-mitteilungen-fuer-individuelle-entwicklung-und-lebenskunde\\\/\"]}]},{\"@type\":\"ImageObject\",\"inLanguage\":\"de\",\"@id\":\"https:\\\/\\\/emhuisken.de\\\/wordpress\\\/produkt\\\/jahresabonnement-die-lahnung-mitteilungen-fuer-individuelle-entwicklung-und-lebenskunde\\\/#primaryimage\",\"url\":\"https:\\\/\\\/emhuisken.de\\\/wordpress\\\/wp-content\\\/uploads\\\/2023\\\/10\\\/Lahnung_20-02_n_IV.jpg\",\"contentUrl\":\"https:\\\/\\\/emhuisken.de\\\/wordpress\\\/wp-content\\\/uploads\\\/2023\\\/10\\\/Lahnung_20-02_n_IV.jpg\",\"width\":606,\"height\":850},{\"@type\":\"BreadcrumbList\",\"@id\":\"https:\\\/\\\/emhuisken.de\\\/wordpress\\\/produkt\\\/jahresabonnement-die-lahnung-mitteilungen-fuer-individuelle-entwicklung-und-lebenskunde\\\/#breadcrumb\",\"itemListElement\":[{\"@type\":\"ListItem\",\"position\":1,\"name\":\"Home\",\"item\":\"https:\\\/\\\/emhuisken.de\\\/wordpress\\\/\"},{\"@type\":\"ListItem\",\"position\":2,\"name\":\"Shop\",\"item\":\"https:\\\/\\\/emhuisken.de\\\/wordpress\\\/shop\\\/\"},{\"@type\":\"ListItem\",\"position\":3,\"name\":\"Jahresabonnement DIE LAHNUNG \u2013 MItteilungen f\u00fcr individuelle Entwicklung und Lebenskunde\"}]},{\"@type\":\"WebSite\",\"@id\":\"https:\\\/\\\/emhuisken.de\\\/wordpress\\\/#website\",\"url\":\"https:\\\/\\\/emhuisken.de\\\/wordpress\\\/\",\"name\":\"Musik \u2013 Wort \u2013 Geisteswissenschaft\",\"description\":\"Ton-, Wort-, Gedankenkunst\",\"publisher\":{\"@id\":\"https:\\\/\\\/emhuisken.de\\\/wordpress\\\/#organization\"},\"potentialAction\":[{\"@type\":\"SearchAction\",\"target\":{\"@type\":\"EntryPoint\",\"urlTemplate\":\"https:\\\/\\\/emhuisken.de\\\/wordpress\\\/?s={search_term_string}\"},\"query-input\":{\"@type\":\"PropertyValueSpecification\",\"valueRequired\":true,\"valueName\":\"search_term_string\"}}],\"inLanguage\":\"de\"},{\"@type\":\"Organization\",\"@id\":\"https:\\\/\\\/emhuisken.de\\\/wordpress\\\/#organization\",\"name\":\"Musik \u2013 Wort \u2013 Geisteswissenschaft\",\"url\":\"https:\\\/\\\/emhuisken.de\\\/wordpress\\\/\",\"logo\":{\"@type\":\"ImageObject\",\"inLanguage\":\"de\",\"@id\":\"https:\\\/\\\/emhuisken.de\\\/wordpress\\\/#\\\/schema\\\/logo\\\/image\\\/\",\"url\":\"https:\\\/\\\/emhuisken.de\\\/wordpress\\\/wp-content\\\/uploads\\\/2014\\\/10\\\/eh_logo_schatten_240x66-1.png\",\"contentUrl\":\"https:\\\/\\\/emhuisken.de\\\/wordpress\\\/wp-content\\\/uploads\\\/2014\\\/10\\\/eh_logo_schatten_240x66-1.png\",\"width\":240,\"height\":66,\"caption\":\"Musik \u2013 Wort \u2013 Geisteswissenschaft\"},\"image\":{\"@id\":\"https:\\\/\\\/emhuisken.de\\\/wordpress\\\/#\\\/schema\\\/logo\\\/image\\\/\"}}]}<\/script>\n<!-- \/ Yoast SEO plugin. -->","yoast_head_json":{"title":"Jahresabonnement DIE LAHNUNG \u2013 MItteilungen f\u00fcr individuelle Entwicklung und Lebenskunde","description":"Jahres-Abonnement der Zeitschrift \u201eDIE LAHNUNG \u2013 Mitteilungen f\u00fcr individuelle Entwicklung und Lebenskunde\u201c","robots":{"index":"index","follow":"follow","max-snippet":"max-snippet:-1","max-image-preview":"max-image-preview:large","max-video-preview":"max-video-preview:-1"},"canonical":"https:\/\/emhuisken.de\/wordpress\/produkt\/jahresabonnement-die-lahnung-mitteilungen-fuer-individuelle-entwicklung-und-lebenskunde\/","og_locale":"de_DE","og_type":"article","og_title":"Jahresabonnement DIE LAHNUNG \u2013 MItteilungen f\u00fcr individuelle Entwicklung und Lebenskunde","og_description":"Jahres-Abonnement der Zeitschrift \u201eDIE LAHNUNG \u2013 Mitteilungen f\u00fcr individuelle Entwicklung und Lebenskunde\u201c","og_url":"https:\/\/emhuisken.de\/wordpress\/produkt\/jahresabonnement-die-lahnung-mitteilungen-fuer-individuelle-entwicklung-und-lebenskunde\/","og_site_name":"Musik \u2013 Wort \u2013 Geisteswissenschaft","article_modified_time":"2024-11-24T16:15:01+00:00","og_image":[{"width":606,"height":850,"url":"https:\/\/emhuisken.de\/wordpress\/wp-content\/uploads\/2023\/10\/Lahnung_20-02_n_IV.jpg","type":"image\/jpeg"}],"twitter_card":"summary_large_image","twitter_misc":{"Gesch\u00e4tzte Lesezeit":"1\u00a0Minute"},"schema":{"@context":"https:\/\/schema.org","@graph":[{"@type":"WebPage","@id":"https:\/\/emhuisken.de\/wordpress\/produkt\/jahresabonnement-die-lahnung-mitteilungen-fuer-individuelle-entwicklung-und-lebenskunde\/","url":"https:\/\/emhuisken.de\/wordpress\/produkt\/jahresabonnement-die-lahnung-mitteilungen-fuer-individuelle-entwicklung-und-lebenskunde\/","name":"Jahresabonnement DIE LAHNUNG \u2013 MItteilungen f\u00fcr individuelle Entwicklung und Lebenskunde","isPartOf":{"@id":"https:\/\/emhuisken.de\/wordpress\/#website"},"primaryImageOfPage":{"@id":"https:\/\/emhuisken.de\/wordpress\/produkt\/jahresabonnement-die-lahnung-mitteilungen-fuer-individuelle-entwicklung-und-lebenskunde\/#primaryimage"},"image":{"@id":"https:\/\/emhuisken.de\/wordpress\/produkt\/jahresabonnement-die-lahnung-mitteilungen-fuer-individuelle-entwicklung-und-lebenskunde\/#primaryimage"},"thumbnailUrl":"https:\/\/emhuisken.de\/wordpress\/wp-content\/uploads\/2023\/10\/Lahnung_20-02_n_IV.jpg","datePublished":"2023-10-04T21:54:15+00:00","dateModified":"2024-11-24T16:15:01+00:00","description":"Jahres-Abonnement der Zeitschrift \u201eDIE LAHNUNG \u2013 Mitteilungen f\u00fcr individuelle Entwicklung und Lebenskunde\u201c","breadcrumb":{"@id":"https:\/\/emhuisken.de\/wordpress\/produkt\/jahresabonnement-die-lahnung-mitteilungen-fuer-individuelle-entwicklung-und-lebenskunde\/#breadcrumb"},"inLanguage":"de","potentialAction":[{"@type":"ReadAction","target":["https:\/\/emhuisken.de\/wordpress\/produkt\/jahresabonnement-die-lahnung-mitteilungen-fuer-individuelle-entwicklung-und-lebenskunde\/"]}]},{"@type":"ImageObject","inLanguage":"de","@id":"https:\/\/emhuisken.de\/wordpress\/produkt\/jahresabonnement-die-lahnung-mitteilungen-fuer-individuelle-entwicklung-und-lebenskunde\/#primaryimage","url":"https:\/\/emhuisken.de\/wordpress\/wp-content\/uploads\/2023\/10\/Lahnung_20-02_n_IV.jpg","contentUrl":"https:\/\/emhuisken.de\/wordpress\/wp-content\/uploads\/2023\/10\/Lahnung_20-02_n_IV.jpg","width":606,"height":850},{"@type":"BreadcrumbList","@id":"https:\/\/emhuisken.de\/wordpress\/produkt\/jahresabonnement-die-lahnung-mitteilungen-fuer-individuelle-entwicklung-und-lebenskunde\/#breadcrumb","itemListElement":[{"@type":"ListItem","position":1,"name":"Home","item":"https:\/\/emhuisken.de\/wordpress\/"},{"@type":"ListItem","position":2,"name":"Shop","item":"https:\/\/emhuisken.de\/wordpress\/shop\/"},{"@type":"ListItem","position":3,"name":"Jahresabonnement DIE LAHNUNG \u2013 MItteilungen f\u00fcr individuelle Entwicklung und Lebenskunde"}]},{"@type":"WebSite","@id":"https:\/\/emhuisken.de\/wordpress\/#website","url":"https:\/\/emhuisken.de\/wordpress\/","name":"Musik \u2013 Wort \u2013 Geisteswissenschaft","description":"Ton-, Wort-, Gedankenkunst","publisher":{"@id":"https:\/\/emhuisken.de\/wordpress\/#organization"},"potentialAction":[{"@type":"SearchAction","target":{"@type":"EntryPoint","urlTemplate":"https:\/\/emhuisken.de\/wordpress\/?s={search_term_string}"},"query-input":{"@type":"PropertyValueSpecification","valueRequired":true,"valueName":"search_term_string"}}],"inLanguage":"de"},{"@type":"Organization","@id":"https:\/\/emhuisken.de\/wordpress\/#organization","name":"Musik \u2013 Wort \u2013 Geisteswissenschaft","url":"https:\/\/emhuisken.de\/wordpress\/","logo":{"@type":"ImageObject","inLanguage":"de","@id":"https:\/\/emhuisken.de\/wordpress\/#\/schema\/logo\/image\/","url":"https:\/\/emhuisken.de\/wordpress\/wp-content\/uploads\/2014\/10\/eh_logo_schatten_240x66-1.png","contentUrl":"https:\/\/emhuisken.de\/wordpress\/wp-content\/uploads\/2014\/10\/eh_logo_schatten_240x66-1.png","width":240,"height":66,"caption":"Musik \u2013 Wort \u2013 Geisteswissenschaft"},"image":{"@id":"https:\/\/emhuisken.de\/wordpress\/#\/schema\/logo\/image\/"}}]}},"_links":{"self":[{"href":"https:\/\/emhuisken.de\/wordpress\/wp-json\/wp\/v2\/product\/4229","targetHints":{"allow":["GET"]}}],"collection":[{"href":"https:\/\/emhuisken.de\/wordpress\/wp-json\/wp\/v2\/product"}],"about":[{"href":"https:\/\/emhuisken.de\/wordpress\/wp-json\/wp\/v2\/types\/product"}],"replies":[{"embeddable":true,"href":"https:\/\/emhuisken.de\/wordpress\/wp-json\/wp\/v2\/comments?post=4229"}],"wp:featuredmedia":[{"embeddable":true,"href":"https:\/\/emhuisken.de\/wordpress\/wp-json\/wp\/v2\/media\/4230"}],"wp:attachment":[{"href":"https:\/\/emhuisken.de\/wordpress\/wp-json\/wp\/v2\/media?parent=4229"}],"wp:term":[{"taxonomy":"product_brand","embeddable":true,"href":"https:\/\/emhuisken.de\/wordpress\/wp-json\/wp\/v2\/product_brand?post=4229"},{"taxonomy":"product_cat","embeddable":true,"href":"https:\/\/emhuisken.de\/wordpress\/wp-json\/wp\/v2\/product_cat?post=4229"},{"taxonomy":"product_tag","embeddable":true,"href":"https:\/\/emhuisken.de\/wordpress\/wp-json\/wp\/v2\/product_tag?post=4229"}],"curies":[{"name":"wp","href":"https:\/\/api.w.org\/{rel}","templated":true}]}}