{"id":343,"date":"2016-10-13T21:12:04","date_gmt":"2016-10-13T20:12:04","guid":{"rendered":"http:\/\/emhuisken.de\/wordpress\/?post_type=product&#038;p=343"},"modified":"2019-08-08T21:04:06","modified_gmt":"2019-08-08T20:04:06","slug":"geschichten-vom-weltenrand","status":"publish","type":"product","link":"https:\/\/emhuisken.de\/wordpress\/produkt\/geschichten-vom-weltenrand\/","title":{"rendered":"Geschichten vom Weltenrand"},"content":{"rendered":"<p>Carl em Huiskens erstes Buch im Buchhandel.<\/p>\n<p>Inhalt: Jabbo von Hugsand, Seben Seeb\u00e4r, Burfj\u00e4ll in der Stadt der Tausend G\u00e4rten, Rungards Rose.<\/p>\n<p>114 Seiten, Paperback, ISBN 978-3-944854-33-5, M.-G.-Schmitz-Verlag Nordstrand\/Nordsee<\/p>\n<p>Leseproben gibt es <a href=\"https:\/\/emhuisken.de\/tag\/leseprobe\" target=\"_blank\" rel=\"noopener noreferrer\">=&gt;hier<\/a>.<\/p>\n","protected":false},"excerpt":{"rendered":"<p>Carl em Huisken: Geschichten vom Weltenrand, ISBN 978-3-944854-33-5<\/p>\n","protected":false},"featured_media":344,"comment_status":"open","ping_status":"closed","template":"","meta":[],"product_brand":[],"product_cat":[37],"product_tag":[41],"class_list":{"0":"post-343","1":"product","2":"type-product","3":"status-publish","4":"has-post-thumbnail","6":"product_cat-druckerzeugnisse","7":"product_tag-geschichten","8":"product_shipping_class-normal","10":"first","11":"instock","12":"shipping-taxable","13":"purchasable","14":"product-type-simple"},"yoast_head":"<!-- This site is optimized with the Yoast SEO plugin v27.4 - https:\/\/yoast.com\/product\/yoast-seo-wordpress\/ -->\n<title>Geschichten vom Weltenrand - Musik \u2013 Wort \u2013 Geisteswissenschaft<\/title>\n<meta name=\"description\" content=\"Carl em Huiskens erstes Buch im Buchhandel. Vier m\u00e4rchenhafte Erz\u00e4hlungen vom Weltenrand: Jabbo von Hugsand, Seben Seeb\u00e4r, Burfj\u00e4ll, Rungards Rose\" \/>\n<meta name=\"robots\" content=\"index, follow, max-snippet:-1, max-image-preview:large, max-video-preview:-1\" \/>\n<link rel=\"canonical\" href=\"https:\/\/emhuisken.de\/wordpress\/produkt\/geschichten-vom-weltenrand\/\" \/>\n<meta property=\"og:locale\" content=\"de_DE\" \/>\n<meta property=\"og:type\" content=\"article\" \/>\n<meta property=\"og:title\" content=\"Geschichten vom Weltenrand - Musik \u2013 Wort \u2013 Geisteswissenschaft\" \/>\n<meta property=\"og:description\" content=\"Carl em Huiskens erstes Buch im Buchhandel. Vier m\u00e4rchenhafte Erz\u00e4hlungen vom Weltenrand: Jabbo von Hugsand, Seben Seeb\u00e4r, Burfj\u00e4ll, Rungards Rose\" \/>\n<meta property=\"og:url\" content=\"https:\/\/emhuisken.de\/wordpress\/produkt\/geschichten-vom-weltenrand\/\" \/>\n<meta property=\"og:site_name\" content=\"Musik \u2013 Wort \u2013 Geisteswissenschaft\" \/>\n<meta property=\"article:modified_time\" content=\"2019-08-08T20:04:06+00:00\" \/>\n<meta property=\"og:image\" content=\"https:\/\/emhuisken.de\/wordpress\/wp-content\/uploads\/2016\/10\/U1.jpeg\" \/>\n\t<meta property=\"og:image:width\" content=\"371\" \/>\n\t<meta property=\"og:image:height\" content=\"557\" \/>\n\t<meta property=\"og:image:type\" content=\"image\/jpeg\" \/>\n<meta name=\"twitter:card\" content=\"summary_large_image\" \/>\n<script type=\"application\/ld+json\" class=\"yoast-schema-graph\">{\"@context\":\"https:\\\/\\\/schema.org\",\"@graph\":[{\"@type\":\"WebPage\",\"@id\":\"https:\\\/\\\/emhuisken.de\\\/wordpress\\\/produkt\\\/geschichten-vom-weltenrand\\\/\",\"url\":\"https:\\\/\\\/emhuisken.de\\\/wordpress\\\/produkt\\\/geschichten-vom-weltenrand\\\/\",\"name\":\"Geschichten vom Weltenrand - Musik \u2013 Wort \u2013 Geisteswissenschaft\",\"isPartOf\":{\"@id\":\"https:\\\/\\\/emhuisken.de\\\/wordpress\\\/#website\"},\"primaryImageOfPage\":{\"@id\":\"https:\\\/\\\/emhuisken.de\\\/wordpress\\\/produkt\\\/geschichten-vom-weltenrand\\\/#primaryimage\"},\"image\":{\"@id\":\"https:\\\/\\\/emhuisken.de\\\/wordpress\\\/produkt\\\/geschichten-vom-weltenrand\\\/#primaryimage\"},\"thumbnailUrl\":\"https:\\\/\\\/emhuisken.de\\\/wordpress\\\/wp-content\\\/uploads\\\/2016\\\/10\\\/U1.jpeg\",\"datePublished\":\"2016-10-13T20:12:04+00:00\",\"dateModified\":\"2019-08-08T20:04:06+00:00\",\"description\":\"Carl em Huiskens erstes Buch im Buchhandel. Vier m\u00e4rchenhafte Erz\u00e4hlungen vom Weltenrand: Jabbo von Hugsand, Seben Seeb\u00e4r, Burfj\u00e4ll, Rungards Rose\",\"breadcrumb\":{\"@id\":\"https:\\\/\\\/emhuisken.de\\\/wordpress\\\/produkt\\\/geschichten-vom-weltenrand\\\/#breadcrumb\"},\"inLanguage\":\"de\",\"potentialAction\":[{\"@type\":\"ReadAction\",\"target\":[\"https:\\\/\\\/emhuisken.de\\\/wordpress\\\/produkt\\\/geschichten-vom-weltenrand\\\/\"]}]},{\"@type\":\"ImageObject\",\"inLanguage\":\"de\",\"@id\":\"https:\\\/\\\/emhuisken.de\\\/wordpress\\\/produkt\\\/geschichten-vom-weltenrand\\\/#primaryimage\",\"url\":\"https:\\\/\\\/emhuisken.de\\\/wordpress\\\/wp-content\\\/uploads\\\/2016\\\/10\\\/U1.jpeg\",\"contentUrl\":\"https:\\\/\\\/emhuisken.de\\\/wordpress\\\/wp-content\\\/uploads\\\/2016\\\/10\\\/U1.jpeg\",\"width\":371,\"height\":557},{\"@type\":\"BreadcrumbList\",\"@id\":\"https:\\\/\\\/emhuisken.de\\\/wordpress\\\/produkt\\\/geschichten-vom-weltenrand\\\/#breadcrumb\",\"itemListElement\":[{\"@type\":\"ListItem\",\"position\":1,\"name\":\"Home\",\"item\":\"https:\\\/\\\/emhuisken.de\\\/wordpress\\\/\"},{\"@type\":\"ListItem\",\"position\":2,\"name\":\"Shop\",\"item\":\"https:\\\/\\\/emhuisken.de\\\/wordpress\\\/shop\\\/\"},{\"@type\":\"ListItem\",\"position\":3,\"name\":\"Geschichten vom Weltenrand\"}]},{\"@type\":\"WebSite\",\"@id\":\"https:\\\/\\\/emhuisken.de\\\/wordpress\\\/#website\",\"url\":\"https:\\\/\\\/emhuisken.de\\\/wordpress\\\/\",\"name\":\"Musik \u2013 Wort \u2013 Geisteswissenschaft\",\"description\":\"Ton-, Wort-, Gedankenkunst\",\"publisher\":{\"@id\":\"https:\\\/\\\/emhuisken.de\\\/wordpress\\\/#organization\"},\"potentialAction\":[{\"@type\":\"SearchAction\",\"target\":{\"@type\":\"EntryPoint\",\"urlTemplate\":\"https:\\\/\\\/emhuisken.de\\\/wordpress\\\/?s={search_term_string}\"},\"query-input\":{\"@type\":\"PropertyValueSpecification\",\"valueRequired\":true,\"valueName\":\"search_term_string\"}}],\"inLanguage\":\"de\"},{\"@type\":\"Organization\",\"@id\":\"https:\\\/\\\/emhuisken.de\\\/wordpress\\\/#organization\",\"name\":\"Musik \u2013 Wort \u2013 Geisteswissenschaft\",\"url\":\"https:\\\/\\\/emhuisken.de\\\/wordpress\\\/\",\"logo\":{\"@type\":\"ImageObject\",\"inLanguage\":\"de\",\"@id\":\"https:\\\/\\\/emhuisken.de\\\/wordpress\\\/#\\\/schema\\\/logo\\\/image\\\/\",\"url\":\"https:\\\/\\\/emhuisken.de\\\/wordpress\\\/wp-content\\\/uploads\\\/2014\\\/10\\\/eh_logo_schatten_240x66-1.png\",\"contentUrl\":\"https:\\\/\\\/emhuisken.de\\\/wordpress\\\/wp-content\\\/uploads\\\/2014\\\/10\\\/eh_logo_schatten_240x66-1.png\",\"width\":240,\"height\":66,\"caption\":\"Musik \u2013 Wort \u2013 Geisteswissenschaft\"},\"image\":{\"@id\":\"https:\\\/\\\/emhuisken.de\\\/wordpress\\\/#\\\/schema\\\/logo\\\/image\\\/\"}}]}<\/script>\n<!-- \/ Yoast SEO plugin. -->","yoast_head_json":{"title":"Geschichten vom Weltenrand - Musik \u2013 Wort \u2013 Geisteswissenschaft","description":"Carl em Huiskens erstes Buch im Buchhandel. Vier m\u00e4rchenhafte Erz\u00e4hlungen vom Weltenrand: Jabbo von Hugsand, Seben Seeb\u00e4r, Burfj\u00e4ll, Rungards Rose","robots":{"index":"index","follow":"follow","max-snippet":"max-snippet:-1","max-image-preview":"max-image-preview:large","max-video-preview":"max-video-preview:-1"},"canonical":"https:\/\/emhuisken.de\/wordpress\/produkt\/geschichten-vom-weltenrand\/","og_locale":"de_DE","og_type":"article","og_title":"Geschichten vom Weltenrand - Musik \u2013 Wort \u2013 Geisteswissenschaft","og_description":"Carl em Huiskens erstes Buch im Buchhandel. Vier m\u00e4rchenhafte Erz\u00e4hlungen vom Weltenrand: Jabbo von Hugsand, Seben Seeb\u00e4r, Burfj\u00e4ll, Rungards Rose","og_url":"https:\/\/emhuisken.de\/wordpress\/produkt\/geschichten-vom-weltenrand\/","og_site_name":"Musik \u2013 Wort \u2013 Geisteswissenschaft","article_modified_time":"2019-08-08T20:04:06+00:00","og_image":[{"width":371,"height":557,"url":"https:\/\/emhuisken.de\/wordpress\/wp-content\/uploads\/2016\/10\/U1.jpeg","type":"image\/jpeg"}],"twitter_card":"summary_large_image","schema":{"@context":"https:\/\/schema.org","@graph":[{"@type":"WebPage","@id":"https:\/\/emhuisken.de\/wordpress\/produkt\/geschichten-vom-weltenrand\/","url":"https:\/\/emhuisken.de\/wordpress\/produkt\/geschichten-vom-weltenrand\/","name":"Geschichten vom Weltenrand - Musik \u2013 Wort \u2013 Geisteswissenschaft","isPartOf":{"@id":"https:\/\/emhuisken.de\/wordpress\/#website"},"primaryImageOfPage":{"@id":"https:\/\/emhuisken.de\/wordpress\/produkt\/geschichten-vom-weltenrand\/#primaryimage"},"image":{"@id":"https:\/\/emhuisken.de\/wordpress\/produkt\/geschichten-vom-weltenrand\/#primaryimage"},"thumbnailUrl":"https:\/\/emhuisken.de\/wordpress\/wp-content\/uploads\/2016\/10\/U1.jpeg","datePublished":"2016-10-13T20:12:04+00:00","dateModified":"2019-08-08T20:04:06+00:00","description":"Carl em Huiskens erstes Buch im Buchhandel. Vier m\u00e4rchenhafte Erz\u00e4hlungen vom Weltenrand: Jabbo von Hugsand, Seben Seeb\u00e4r, Burfj\u00e4ll, Rungards Rose","breadcrumb":{"@id":"https:\/\/emhuisken.de\/wordpress\/produkt\/geschichten-vom-weltenrand\/#breadcrumb"},"inLanguage":"de","potentialAction":[{"@type":"ReadAction","target":["https:\/\/emhuisken.de\/wordpress\/produkt\/geschichten-vom-weltenrand\/"]}]},{"@type":"ImageObject","inLanguage":"de","@id":"https:\/\/emhuisken.de\/wordpress\/produkt\/geschichten-vom-weltenrand\/#primaryimage","url":"https:\/\/emhuisken.de\/wordpress\/wp-content\/uploads\/2016\/10\/U1.jpeg","contentUrl":"https:\/\/emhuisken.de\/wordpress\/wp-content\/uploads\/2016\/10\/U1.jpeg","width":371,"height":557},{"@type":"BreadcrumbList","@id":"https:\/\/emhuisken.de\/wordpress\/produkt\/geschichten-vom-weltenrand\/#breadcrumb","itemListElement":[{"@type":"ListItem","position":1,"name":"Home","item":"https:\/\/emhuisken.de\/wordpress\/"},{"@type":"ListItem","position":2,"name":"Shop","item":"https:\/\/emhuisken.de\/wordpress\/shop\/"},{"@type":"ListItem","position":3,"name":"Geschichten vom Weltenrand"}]},{"@type":"WebSite","@id":"https:\/\/emhuisken.de\/wordpress\/#website","url":"https:\/\/emhuisken.de\/wordpress\/","name":"Musik \u2013 Wort \u2013 Geisteswissenschaft","description":"Ton-, Wort-, Gedankenkunst","publisher":{"@id":"https:\/\/emhuisken.de\/wordpress\/#organization"},"potentialAction":[{"@type":"SearchAction","target":{"@type":"EntryPoint","urlTemplate":"https:\/\/emhuisken.de\/wordpress\/?s={search_term_string}"},"query-input":{"@type":"PropertyValueSpecification","valueRequired":true,"valueName":"search_term_string"}}],"inLanguage":"de"},{"@type":"Organization","@id":"https:\/\/emhuisken.de\/wordpress\/#organization","name":"Musik \u2013 Wort \u2013 Geisteswissenschaft","url":"https:\/\/emhuisken.de\/wordpress\/","logo":{"@type":"ImageObject","inLanguage":"de","@id":"https:\/\/emhuisken.de\/wordpress\/#\/schema\/logo\/image\/","url":"https:\/\/emhuisken.de\/wordpress\/wp-content\/uploads\/2014\/10\/eh_logo_schatten_240x66-1.png","contentUrl":"https:\/\/emhuisken.de\/wordpress\/wp-content\/uploads\/2014\/10\/eh_logo_schatten_240x66-1.png","width":240,"height":66,"caption":"Musik \u2013 Wort \u2013 Geisteswissenschaft"},"image":{"@id":"https:\/\/emhuisken.de\/wordpress\/#\/schema\/logo\/image\/"}}]}},"_links":{"self":[{"href":"https:\/\/emhuisken.de\/wordpress\/wp-json\/wp\/v2\/product\/343","targetHints":{"allow":["GET"]}}],"collection":[{"href":"https:\/\/emhuisken.de\/wordpress\/wp-json\/wp\/v2\/product"}],"about":[{"href":"https:\/\/emhuisken.de\/wordpress\/wp-json\/wp\/v2\/types\/product"}],"replies":[{"embeddable":true,"href":"https:\/\/emhuisken.de\/wordpress\/wp-json\/wp\/v2\/comments?post=343"}],"wp:featuredmedia":[{"embeddable":true,"href":"https:\/\/emhuisken.de\/wordpress\/wp-json\/wp\/v2\/media\/344"}],"wp:attachment":[{"href":"https:\/\/emhuisken.de\/wordpress\/wp-json\/wp\/v2\/media?parent=343"}],"wp:term":[{"taxonomy":"product_brand","embeddable":true,"href":"https:\/\/emhuisken.de\/wordpress\/wp-json\/wp\/v2\/product_brand?post=343"},{"taxonomy":"product_cat","embeddable":true,"href":"https:\/\/emhuisken.de\/wordpress\/wp-json\/wp\/v2\/product_cat?post=343"},{"taxonomy":"product_tag","embeddable":true,"href":"https:\/\/emhuisken.de\/wordpress\/wp-json\/wp\/v2\/product_tag?post=343"}],"curies":[{"name":"wp","href":"https:\/\/api.w.org\/{rel}","templated":true}]}}